{"id":14,"date":"2016-08-02T08:28:28","date_gmt":"2016-08-02T06:28:28","guid":{"rendered":"http:\/\/beta.carnevals-gesellschaft-hoppecke.de\/?page_id=14"},"modified":"2019-01-30T10:20:15","modified_gmt":"2019-01-30T09:20:15","slug":"impressum","status":"publish","type":"page","link":"http:\/\/carnevals-gesellschaft-hoppecke.de\/index.php\/impressum\/","title":{"rendered":"Impressum"},"content":{"rendered":"<p><strong>Herausgeber und Inhaber dieser Webseite:<\/strong><\/p>\n<p><strong>Verantwortlich gem\u00e4\u00df \u00a7 5 TMG und \u00a7 55 RStV:<\/strong><\/p>\n<p>Reinhold Erlemeier<br \/>\nWilhelm-Mund-Stra\u00dfe<br \/>\n59929 Brilon-Hoppecke<br \/>\nDeutschland<\/p>\n<p>Telefon: 02963\/908255<\/p>\n<table border=\"0\" summary=\"text\" width=\"100%\" cellspacing=\"0\" cellpadding=\"0\">\n<tbody>\n<tr>\n<td align=\"left\" width=\"40px\">E-Mail:<\/td>\n<td align=\"left\"><span class=\"jQueryEmail\"><a href=\"mailto:vorstand@carnevals-gesellschaft-hoppecke.de\">vorstand@carnevals-gesellschaft-hoppecke.de<\/a><\/span><\/td>\n<\/tr>\n<\/tbody>\n<\/table>\n<p>&nbsp;<\/p>\n<p>URL: www.carnevals-gesellschaft-hoppecke.de<\/p>\n<p>&nbsp;<\/p>\n<p>Gesetzlicher Vertreter: Reinhold Erlemeier<br \/>\nRegistriert beim Amtsgericht Arnsberg unter Registernummer VR 10132<\/p>\n<p>&nbsp;<\/p>\n<p>Inhaltlich Verantwortlich nach TMG \u00a77: Timo Henke<\/p>\n<p>&nbsp;<\/p>\n<p>Die Carnevals-Gesellschaft Hoppecke \u00fcbernimmt keinerlei Gew\u00e4hr f\u00fcr die Aktualit\u00e4t, Korrektheit, Vollst\u00e4ndigkeit oder Qualit\u00e4t der bereitgestellten Informationen. Haftungsanspr\u00fcche gegen den Betreiber, welche sich auf Sch\u00e4den materieller oder ideeller Art beziehen, die durch die Nutzung oder Nichtnutzung der dargebotenen Informationen verursacht wurden, sind grunds\u00e4tzlich ausgeschlossen. Der Betreiber beh\u00e4lt es sich ausdr\u00fccklich vor, Teile der Seiten oder das gesamte Angebot zu ver\u00e4ndern, zu erg\u00e4nzen, zu l\u00f6schen oder die Ver\u00f6ffentlichung zeitweise oder endg\u00fcltig einzustellen.<\/p>\n<p style=\"text-align: left;\">Alle Daten dieser Website unterliegen ebenso wie das Layout der Website dem Urheberrecht. Alle Rechte vorbehalten. Eine Vervielf\u00e4ltigung oder Verwendung dieser Daten in anderen Publikationen ist ohne ausdr\u00fcckliche Zustimmung des Betreibers nicht gestattet.<\/p>\n<p style=\"text-align: left;\">Alle Webseiten, auf die mittels Hyperlinks verwiesen wird, sind Eigentum der jeweiligen Betreiber und werden von uns nicht regelm\u00e4\u00dfig kontrolliert. Wir distanzieren uns von allen Inhalten dieser verlinkten Seiten.<\/p>\n","protected":false},"excerpt":{"rendered":"<p>Herausgeber und Inhaber dieser Webseite: Verantwortlich gem\u00e4\u00df \u00a7 5 TMG und \u00a7 55 RStV: Reinhold Erlemeier Wilhelm-Mund-Stra\u00dfe 59929 Brilon-Hoppecke Deutschland Telefon: 02963\/908255 E-Mail: vorstand@carnevals-gesellschaft-hoppecke.de &nbsp; URL: www.carnevals-gesellschaft-hoppecke.de &nbsp; Gesetzlicher Vertreter: Reinhold Erlemeier Registriert beim Amtsgericht Arnsberg unter Registernummer VR 10132 &nbsp; Inhaltlich Verantwortlich nach TMG \u00a77: Timo Henke &nbsp; Die Carnevals-Gesellschaft Hoppecke \u00fcbernimmt keinerlei Gew\u00e4hr &hellip; <\/p>\n<p><a class=\"more-link btn\" href=\"http:\/\/carnevals-gesellschaft-hoppecke.de\/index.php\/impressum\/\">Weiterlesen<\/a><\/p>\n","protected":false},"author":1,"featured_media":0,"parent":0,"menu_order":6,"comment_status":"closed","ping_status":"closed","template":"","meta":[],"_links":{"self":[{"href":"http:\/\/carnevals-gesellschaft-hoppecke.de\/index.php\/wp-json\/wp\/v2\/pages\/14"}],"collection":[{"href":"http:\/\/carnevals-gesellschaft-hoppecke.de\/index.php\/wp-json\/wp\/v2\/pages"}],"about":[{"href":"http:\/\/carnevals-gesellschaft-hoppecke.de\/index.php\/wp-json\/wp\/v2\/types\/page"}],"author":[{"embeddable":true,"href":"http:\/\/carnevals-gesellschaft-hoppecke.de\/index.php\/wp-json\/wp\/v2\/users\/1"}],"replies":[{"embeddable":true,"href":"http:\/\/carnevals-gesellschaft-hoppecke.de\/index.php\/wp-json\/wp\/v2\/comments?post=14"}],"version-history":[{"count":7,"href":"http:\/\/carnevals-gesellschaft-hoppecke.de\/index.php\/wp-json\/wp\/v2\/pages\/14\/revisions"}],"predecessor-version":[{"id":19987,"href":"http:\/\/carnevals-gesellschaft-hoppecke.de\/index.php\/wp-json\/wp\/v2\/pages\/14\/revisions\/19987"}],"wp:attachment":[{"href":"http:\/\/carnevals-gesellschaft-hoppecke.de\/index.php\/wp-json\/wp\/v2\/media?parent=14"}],"curies":[{"name":"wp","href":"https:\/\/api.w.org\/{rel}","templated":true}]}}